{"id":14096,"date":"2023-11-11T02:26:09","date_gmt":"2023-11-10T23:26:09","guid":{"rendered":"https:\/\/www.elitesistem.com\/?page_id=14096"},"modified":"2024-01-30T15:26:15","modified_gmt":"2024-01-30T12:26:15","slug":"akilli-devriye-tur-kontrol-sistemi","status":"publish","type":"page","link":"https:\/\/www.elitesistem.com\/index.php\/akilli-devriye-tur-kontrol-sistemi","title":{"rendered":"Ak\u0131ll\u0131 Devriye Tur Kontrol Sistemi"},"content":{"rendered":"<div id=\"cmsmasters_row_7bssgj5waf\" class=\"cmsmasters_row cmsmasters_color_scheme_default cmsmasters_row_top_default cmsmasters_row_bot_default cmsmasters_row_boxed\">\n<div class=\"cmsmasters_row_outer_parent\">\n<div class=\"cmsmasters_row_outer\">\n<div class=\"cmsmasters_row_inner\">\n<div class=\"cmsmasters_row_margin\">\n<div id=\"cmsmasters_column_901f4646bb\" class=\"cmsmasters_column one_first\">\n<div class=\"cmsmasters_column_inner\"><div class=\"cmsmasters_img  cmsmasters_image_l\"><img decoding=\"async\" src=\"https:\/\/www.elitesistem.com\/wp-content\/uploads\/2023\/11\/akilli-android-devriye-2.jpeg\" alt=\"Ak\u0131ll\u0131 Devriye Tur Kontrol Sistemi\" \/><\/div>\n<div id=\"cmsmasters_divider_sblm7u11vs\" class=\"cmsmasters_divider cmsmasters_divider_width_long cmsmasters_divider_pos_center\"><\/div>\n<div id=\"cmsmasters_gallery_8vr75zeycq\" class=\"cmsmasters_gallery_wrap\" data-type=\"grid\" data-count=\"0\"><ul class=\"cmsmasters_gallery cmsmasters_4 cmsmasters_more_items_loader\"><li class=\"cmsmasters_gallery_item cmsmasters_caption\"><figure><a href=\"https:\/\/www.elitesistem.com\/wp-content\/uploads\/2023\/11\/AkilliDevriyeAndroidTurKontrol_page-0001.jpg\" rel=\"ilightbox[8vr75zeycq]\"><img loading=\"lazy\" decoding=\"async\" width=\"1500\" height=\"1125\" src=\"https:\/\/www.elitesistem.com\/wp-content\/uploads\/2023\/11\/AkilliDevriyeAndroidTurKontrol_page-0001.jpg\" class=\"attachment-full size-full\" alt=\"Ak\u0131ll\u0131 Devriye Tur Kontrol Sistemi\" srcset=\"https:\/\/www.elitesistem.com\/wp-content\/uploads\/2023\/11\/AkilliDevriyeAndroidTurKontrol_page-0001.jpg 1500w, https:\/\/www.elitesistem.com\/wp-content\/uploads\/2023\/11\/AkilliDevriyeAndroidTurKontrol_page-0001-600x450.jpg 600w, https:\/\/www.elitesistem.com\/wp-content\/uploads\/2023\/11\/AkilliDevriyeAndroidTurKontrol_page-0001-300x225.jpg 300w, https:\/\/www.elitesistem.com\/wp-content\/uploads\/2023\/11\/AkilliDevriyeAndroidTurKontrol_page-0001-1024x768.jpg 1024w, https:\/\/www.elitesistem.com\/wp-content\/uploads\/2023\/11\/AkilliDevriyeAndroidTurKontrol_page-0001-768x576.jpg 768w, https:\/\/www.elitesistem.com\/wp-content\/uploads\/2023\/11\/AkilliDevriyeAndroidTurKontrol_page-0001-580x435.jpg 580w, https:\/\/www.elitesistem.com\/wp-content\/uploads\/2023\/11\/AkilliDevriyeAndroidTurKontrol_page-0001-860x645.jpg 860w, https:\/\/www.elitesistem.com\/wp-content\/uploads\/2023\/11\/AkilliDevriyeAndroidTurKontrol_page-0001-1160x870.jpg 1160w\" sizes=\"auto, (max-width: 1500px) 100vw, 1500px\" \/><\/a><figcaption>Ak\u0131ll\u0131 Devriye Tur Kontrol Sistemi<\/figcaption><\/figure><\/li><li class=\"cmsmasters_gallery_item cmsmasters_caption\"><figure><a href=\"https:\/\/www.elitesistem.com\/wp-content\/uploads\/2023\/11\/AkilliDevriyeAndroidTurKontrol_page-0003.jpg\" rel=\"ilightbox[8vr75zeycq]\"><img loading=\"lazy\" decoding=\"async\" width=\"1500\" height=\"1125\" src=\"https:\/\/www.elitesistem.com\/wp-content\/uploads\/2023\/11\/AkilliDevriyeAndroidTurKontrol_page-0003.jpg\" class=\"attachment-full size-full\" alt=\"Ak\u0131ll\u0131 Devriye Tur Kontrol Sistemi\" srcset=\"https:\/\/www.elitesistem.com\/wp-content\/uploads\/2023\/11\/AkilliDevriyeAndroidTurKontrol_page-0003.jpg 1500w, https:\/\/www.elitesistem.com\/wp-content\/uploads\/2023\/11\/AkilliDevriyeAndroidTurKontrol_page-0003-600x450.jpg 600w, https:\/\/www.elitesistem.com\/wp-content\/uploads\/2023\/11\/AkilliDevriyeAndroidTurKontrol_page-0003-300x225.jpg 300w, https:\/\/www.elitesistem.com\/wp-content\/uploads\/2023\/11\/AkilliDevriyeAndroidTurKontrol_page-0003-1024x768.jpg 1024w, https:\/\/www.elitesistem.com\/wp-content\/uploads\/2023\/11\/AkilliDevriyeAndroidTurKontrol_page-0003-768x576.jpg 768w, https:\/\/www.elitesistem.com\/wp-content\/uploads\/2023\/11\/AkilliDevriyeAndroidTurKontrol_page-0003-580x435.jpg 580w, https:\/\/www.elitesistem.com\/wp-content\/uploads\/2023\/11\/AkilliDevriyeAndroidTurKontrol_page-0003-860x645.jpg 860w, https:\/\/www.elitesistem.com\/wp-content\/uploads\/2023\/11\/AkilliDevriyeAndroidTurKontrol_page-0003-1160x870.jpg 1160w\" sizes=\"auto, (max-width: 1500px) 100vw, 1500px\" \/><\/a><figcaption>Ak\u0131ll\u0131 Devriye Tur Kontrol Sistemi<\/figcaption><\/figure><\/li><li class=\"cmsmasters_gallery_item cmsmasters_caption\"><figure><a href=\"https:\/\/www.elitesistem.com\/wp-content\/uploads\/2023\/11\/AkilliDevriyeAndroidTurKontrol_page-0002.jpg\" rel=\"ilightbox[8vr75zeycq]\"><img loading=\"lazy\" decoding=\"async\" width=\"1500\" height=\"1125\" src=\"https:\/\/www.elitesistem.com\/wp-content\/uploads\/2023\/11\/AkilliDevriyeAndroidTurKontrol_page-0002.jpg\" class=\"attachment-full size-full\" alt=\"Ak\u0131ll\u0131 Devriye Tur Kontrol Sistemi\" srcset=\"https:\/\/www.elitesistem.com\/wp-content\/uploads\/2023\/11\/AkilliDevriyeAndroidTurKontrol_page-0002.jpg 1500w, https:\/\/www.elitesistem.com\/wp-content\/uploads\/2023\/11\/AkilliDevriyeAndroidTurKontrol_page-0002-600x450.jpg 600w, https:\/\/www.elitesistem.com\/wp-content\/uploads\/2023\/11\/AkilliDevriyeAndroidTurKontrol_page-0002-300x225.jpg 300w, https:\/\/www.elitesistem.com\/wp-content\/uploads\/2023\/11\/AkilliDevriyeAndroidTurKontrol_page-0002-1024x768.jpg 1024w, https:\/\/www.elitesistem.com\/wp-content\/uploads\/2023\/11\/AkilliDevriyeAndroidTurKontrol_page-0002-768x576.jpg 768w, https:\/\/www.elitesistem.com\/wp-content\/uploads\/2023\/11\/AkilliDevriyeAndroidTurKontrol_page-0002-580x435.jpg 580w, https:\/\/www.elitesistem.com\/wp-content\/uploads\/2023\/11\/AkilliDevriyeAndroidTurKontrol_page-0002-860x645.jpg 860w, https:\/\/www.elitesistem.com\/wp-content\/uploads\/2023\/11\/AkilliDevriyeAndroidTurKontrol_page-0002-1160x870.jpg 1160w\" sizes=\"auto, (max-width: 1500px) 100vw, 1500px\" \/><\/a><figcaption>Ak\u0131ll\u0131 Devriye Tur Kontrol Sistemi<\/figcaption><\/figure><\/li><li class=\"cmsmasters_gallery_item cmsmasters_caption\"><figure><a href=\"https:\/\/www.elitesistem.com\/wp-content\/uploads\/2023\/11\/AkilliDevriyeAndroidTurKontrol_page-0005.jpg\" rel=\"ilightbox[8vr75zeycq]\"><img loading=\"lazy\" decoding=\"async\" width=\"1500\" height=\"1125\" src=\"https:\/\/www.elitesistem.com\/wp-content\/uploads\/2023\/11\/AkilliDevriyeAndroidTurKontrol_page-0005.jpg\" class=\"attachment-full size-full\" alt=\"Ak\u0131ll\u0131 Devriye Tur Kontrol Sistemi\" srcset=\"https:\/\/www.elitesistem.com\/wp-content\/uploads\/2023\/11\/AkilliDevriyeAndroidTurKontrol_page-0005.jpg 1500w, https:\/\/www.elitesistem.com\/wp-content\/uploads\/2023\/11\/AkilliDevriyeAndroidTurKontrol_page-0005-600x450.jpg 600w, https:\/\/www.elitesistem.com\/wp-content\/uploads\/2023\/11\/AkilliDevriyeAndroidTurKontrol_page-0005-300x225.jpg 300w, https:\/\/www.elitesistem.com\/wp-content\/uploads\/2023\/11\/AkilliDevriyeAndroidTurKontrol_page-0005-1024x768.jpg 1024w, https:\/\/www.elitesistem.com\/wp-content\/uploads\/2023\/11\/AkilliDevriyeAndroidTurKontrol_page-0005-768x576.jpg 768w, https:\/\/www.elitesistem.com\/wp-content\/uploads\/2023\/11\/AkilliDevriyeAndroidTurKontrol_page-0005-580x435.jpg 580w, https:\/\/www.elitesistem.com\/wp-content\/uploads\/2023\/11\/AkilliDevriyeAndroidTurKontrol_page-0005-860x645.jpg 860w, https:\/\/www.elitesistem.com\/wp-content\/uploads\/2023\/11\/AkilliDevriyeAndroidTurKontrol_page-0005-1160x870.jpg 1160w\" sizes=\"auto, (max-width: 1500px) 100vw, 1500px\" \/><\/a><figcaption>Ak\u0131ll\u0131 Devriye Tur Kontrol Sistemi<\/figcaption><\/figure><\/li><li class=\"cmsmasters_gallery_item cmsmasters_caption\"><figure><a href=\"https:\/\/www.elitesistem.com\/wp-content\/uploads\/2023\/11\/AkilliDevriyeAndroidTurKontrol_page-0004.jpg\" rel=\"ilightbox[8vr75zeycq]\"><img loading=\"lazy\" decoding=\"async\" width=\"1500\" height=\"1125\" src=\"https:\/\/www.elitesistem.com\/wp-content\/uploads\/2023\/11\/AkilliDevriyeAndroidTurKontrol_page-0004.jpg\" class=\"attachment-full size-full\" alt=\"Ak\u0131ll\u0131 Devriye Tur Kontrol Sistemi\" srcset=\"https:\/\/www.elitesistem.com\/wp-content\/uploads\/2023\/11\/AkilliDevriyeAndroidTurKontrol_page-0004.jpg 1500w, https:\/\/www.elitesistem.com\/wp-content\/uploads\/2023\/11\/AkilliDevriyeAndroidTurKontrol_page-0004-600x450.jpg 600w, https:\/\/www.elitesistem.com\/wp-content\/uploads\/2023\/11\/AkilliDevriyeAndroidTurKontrol_page-0004-300x225.jpg 300w, https:\/\/www.elitesistem.com\/wp-content\/uploads\/2023\/11\/AkilliDevriyeAndroidTurKontrol_page-0004-1024x768.jpg 1024w, https:\/\/www.elitesistem.com\/wp-content\/uploads\/2023\/11\/AkilliDevriyeAndroidTurKontrol_page-0004-768x576.jpg 768w, https:\/\/www.elitesistem.com\/wp-content\/uploads\/2023\/11\/AkilliDevriyeAndroidTurKontrol_page-0004-580x435.jpg 580w, https:\/\/www.elitesistem.com\/wp-content\/uploads\/2023\/11\/AkilliDevriyeAndroidTurKontrol_page-0004-860x645.jpg 860w, https:\/\/www.elitesistem.com\/wp-content\/uploads\/2023\/11\/AkilliDevriyeAndroidTurKontrol_page-0004-1160x870.jpg 1160w\" sizes=\"auto, (max-width: 1500px) 100vw, 1500px\" \/><\/a><figcaption>Ak\u0131ll\u0131 Devriye Tur Kontrol Sistemi<\/figcaption><\/figure><\/li><\/ul><\/div><div id=\"cmsmasters_button_ywqzbwvz7o\" class=\"button_wrap\"><a href=\"https:\/\/www.akillidevriye.com.tr\/login.php\" class=\"cmsmasters_button cmsmasters_but_clear_styles cmsmasters_but_shadow cmsmasters-icon-share-3\" target=\"_blank\" rel=\"noopener\"><span>www.akillidevriye.com.tr<\/span><\/a><\/div>\n<div id=\"cmsmasters_divider_7xk421cp6i\" class=\"cmsmasters_divider cmsmasters_divider_width_long cmsmasters_divider_pos_center\"><\/div>\n<div id=\"cmsmasters_heading_fophjtjjfn\" class=\"cmsmasters_heading_wrap cmsmasters_heading_align_left\">\n\t<h2 class=\"cmsmasters_heading cmsmasters-icon-thumbs-up-3\">Ak\u0131ll\u0131 Devriye Tur Kontrol Sistemi<\/h2>\n<\/div><div class=\"cmsmasters_text\">\n<h2>Ak\u0131ll\u0131 Devriye Tur Kontrol Sistemi<\/h2>\n<ul>\n<li>Android telefon \u00fczerinden \u00e7al\u0131\u015fan bulut tabanl\u0131 bir <strong><a href=\"https:\/\/www.elitesistem.com\/index.php\/akilli-devriye-tur-kontrol-sistemi\">Devriye kontrol<\/a><\/strong> sistemidir<\/li>\n<li>Devriye esnas\u0131nda resim \u00e7ekebilir, not alabilir ve bunlar\u0131 Anl\u0131k olarak rapor alabilirsiniz\u2026<\/li>\n<\/ul>\n<\/div>\n<div id=\"cmsmasters_heading_5qzpx7z7u9\" class=\"cmsmasters_heading_wrap cmsmasters_heading_align_left\">\n\t<h2 class=\"cmsmasters_heading cmsmasters-icon-thumbs-up-3\">Anl\u0131k Takip ve Raporlama<\/h2>\n<\/div><div class=\"cmsmasters_text\">\n<ul>\n<li>G\u00fcvenlik personelimiz devriye g\u00f6revini ifa ederken, siz internetin oldu\u011fu ve mailinize ula\u015ft\u0131\u011f\u0131n\u0131z her yerden t\u00fcm ekibin takibini yapabilirsiniz<\/li>\n<li><strong><a href=\"https:\/\/www.akillidevriye.com.tr\/login.php\" target=\"_blank\" rel=\"noopener\">www.akillidevriye.com.tr<\/a><\/strong> adresinden kullan\u0131c\u0131 ad\u0131 ve \u015fifreniz ile giri\u015f yaparak t\u00fcm raporlara ula\u015fabilirsiniz.<\/li>\n<li>T\u00fcm devriyeler anl\u0131k olarak tan\u0131mlayaca\u011f\u0131n\u0131z mail adresine d\u00fc\u015fmektedir.<\/li>\n<\/ul>\n<\/div>\n<div id=\"cmsmasters_heading_tsvsdm51re\" class=\"cmsmasters_heading_wrap cmsmasters_heading_align_left\">\n\t<h2 class=\"cmsmasters_heading cmsmasters-icon-thumbs-up-3\">Anl\u0131k Takip ve Raporlama<\/h2>\n<\/div><div class=\"cmsmasters_text\">\n<ul>\n<li>Yeni Nesil <strong><a href=\"https:\/\/www.elitesistem.com\/index.php\/akilli-devriye-tur-kontrol-sistemi\">Tur Kontrol Kalemi<\/a> <\/strong>T\u00fcm devriye\/tur anl\u0131k olarak tan\u0131mlayaca\u011f\u0131n\u0131z mail adresine otomatik olarak d\u00fc\u015fmektedir.<\/li>\n<li>Raporlar i\u00e7in bilgisayara tur kalemini ba\u011flaman\u0131za gerek yoktur e mail hesab\u0131n\u0131z\u0131 a\u00e7man\u0131z yeterli<\/li>\n<li><strong><a href=\"https:\/\/www.akillidevriye.com.tr\/login.php\" target=\"_blank\" rel=\"noopener\">www.akillidevriye.com.tr<\/a><\/strong> adresinden kullan\u0131c\u0131 ad\u0131 ve \u015fifreniz ile giri\u015f yaparak t\u00fcm raporlara ula\u015fabilirsiniz.<\/li>\n<\/ul>\n<p><strong><a href=\"https:\/\/akillidevriye.com.tr\/\" target=\"_blank\" rel=\"noopener\">Bek\u00e7i tur kontrol<\/a><\/strong>,\u00a0<a href=\"https:\/\/akillidevriye.com.tr\/\" target=\"_blank\" rel=\"noopener\"><strong>tom kalemi<\/strong><\/a>, ve buna benze devriye kontrol sistemlerini yerine, yeni nesil android telefon \u00fczerinden \u00e7al\u0131\u015fan bulut tabanl\u0131\u00a0<strong><a href=\"https:\/\/akillidevriye.com.tr\/\" target=\"_blank\" rel=\"noopener\">devriye kontrol sistemi<\/a><\/strong>\u00a0ile t\u00fcm devriye tur anl\u0131k olarak tan\u0131mlayaca\u011f\u0131n\u0131z mail adresine otomatik olarak d\u00fc\u015fmekte raporlar i\u00e7in bilgisayara tur kalemini ba\u011flaman\u0131za gerek kalmadan ister e-mail hesab\u0131n\u0131z\u0131 raporlar otomatik gelsin isterseniz\u00a0<strong><a href=\"https:\/\/akillidevriye.com.tr\/\" target=\"_blank\" rel=\"noopener\">ak\u0131ll\u0131 devriye<\/a><\/strong><strong>\u00a0<\/strong>\u00a0adresinden sisteme giri\u015f yaparak devriye raporlar\u0131n\u0131 alabilirsiniz, sizde t\u00fcm\u00a0<strong><a href=\"https:\/\/akillidevriye.com.tr\/\" target=\"_blank\" rel=\"noopener\">devriye kalemi<\/a><\/strong>\u00a0hareketleri kolayca takip edin.<\/p>\n<p>Ak\u0131ll\u0131 g\u00fcvenlik tur sistemi yaz\u0131l\u0131m\u0131, mobil devriyeyi ger\u00e7ekten kolayla\u015ft\u0131r\u0131yor.\u00a0Yaln\u0131zca koruma faaliyetlerini ve dijital ayak izlerini takip etmekle kalmaz.\u00a0Ancak g\u00fcvenlik devriyesinin planland\u0131\u011f\u0131 gibi ilerlemesini sa\u011flamak i\u00e7in programlar da olu\u015fturabilirsiniz.\u00a0Ayr\u0131ca bu ayn\u0131 zamanda <strong><a href=\"https:\/\/akillidevriye.com.tr\/\" target=\"_blank\" rel=\"noopener\">bek\u00e7i tur kontrol kalemi<\/a><\/strong> sistemidir.<\/p>\n<h4 class=\"elementor-icon-box-title\">Cep Telefonunuzla Devriye : Farkl\u0131 t\u00fcrdeki devriye sistemleri iste\u011fe ba\u011fl\u0131d\u0131r.\u00a0(NFC)<\/h4>\n<div class=\"elementor-element elementor-element-52eb819 elementor-view-stacked elementor-position-left elementor-vertical-align-middle elementor-shape-circle elementor-mobile-position-top elementor-widget elementor-widget-icon-box\" data-id=\"52eb819\" data-element_type=\"widget\" data-widget_type=\"icon-box.default\">\n<div class=\"elementor-widget-container\">\n<div class=\"elementor-icon-box-wrapper\">\n<div class=\"elementor-icon-box-content\">\n<h4 class=\"elementor-icon-box-title\">Ger\u00e7ek Zamanl\u0131 Raporlama Sistemi: T\u00fcm konum verilerinizi <a href=\"https:\/\/akillidevriye.com.tr\/login.php\" target=\"_blank\" rel=\"noopener\">www.akillidevriye.com.tr<\/a> adresinden izleyebilirisniz.<\/h4>\n<\/div>\n<\/div>\n<\/div>\n<\/div>\n<div class=\"elementor-element elementor-element-ee86636 elementor-view-stacked elementor-position-left elementor-vertical-align-middle elementor-shape-circle elementor-mobile-position-top elementor-widget elementor-widget-icon-box\" data-id=\"ee86636\" data-element_type=\"widget\" data-widget_type=\"icon-box.default\">\n<div class=\"elementor-widget-container\">\n<div class=\"elementor-icon-box-wrapper\">\n<div class=\"elementor-icon-box-content\">\n<h4 class=\"elementor-icon-box-title\">Hemen \u0130ndirebilirsiniz Android: <a href=\"https:\/\/play.google.com\/store\/apps\/details?id=com.embarcadero.DevriyeTurKontrol\" target=\"_blank\" rel=\"noopener\">Bek\u00e7i Turu uygulamam\u0131z Android<\/a> platformlar\u0131nda mevcuttur.<\/h4>\n<div class=\"elementor-element elementor-element-aa129e1 elementor-view-stacked elementor-position-left elementor-vertical-align-middle elementor-shape-circle elementor-mobile-position-top elementor-widget elementor-widget-icon-box\" data-id=\"aa129e1\" data-element_type=\"widget\" data-widget_type=\"icon-box.default\">\n<div class=\"elementor-widget-container\">\n<div class=\"elementor-icon-box-wrapper\">\n<div class=\"elementor-icon-box-content\">\n<h4 class=\"elementor-icon-box-title\">Sezgisel Alarm Verileri: G\u00fcvenlik g\u00f6revlisi acil bir durumla kar\u015f\u0131la\u015ft\u0131\u011f\u0131nda y\u00f6netim merkezine ayn\u0131 arayabilmektedir.<\/h4>\n<div class=\"elementor-element elementor-element-c6c395e elementor-view-stacked elementor-position-left elementor-vertical-align-middle elementor-shape-circle elementor-mobile-position-top elementor-widget elementor-widget-icon-box\" data-id=\"c6c395e\" data-element_type=\"widget\" data-widget_type=\"icon-box.default\">\n<div class=\"elementor-widget-container\">\n<div class=\"elementor-icon-box-wrapper\">\n<div class=\"elementor-icon-box-content\">\n<h4 class=\"elementor-icon-box-title\">Basitlik i\u00e7in tasarland\u0131: Aray\u00fcz devriye verilerinin durumunu ve analiz istatistiklerini g\u00f6r\u00fcnt\u00fcler.<\/h4>\n<\/div>\n<\/div>\n<\/div>\n<\/div>\n<\/div>\n<\/div>\n<\/div>\n<\/div>\n<\/div>\n<\/div>\n<\/div>\n<\/div>\n<\/div>\n<div id=\"cmsmasters_heading_ma4s4gsyhg\" class=\"cmsmasters_heading_wrap cmsmasters_heading_align_left\">\n\t<h2 class=\"cmsmasters_heading cmsmasters-icon-help-2\">\u00abRakiplerinizden Bir Ad\u0131m \u00d6nde\u00bb<\/h2>\n<\/div>\n<div id=\"cmsmasters_divider_zy2u7v3u5\" class=\"cmsmasters_divider cmsmasters_divider_width_long cmsmasters_divider_pos_center\"><\/div>\n<\/div><\/div>\n<\/div>\n<\/div>\n<\/div>\n<\/div>\n<\/div>\n<div id=\"cmsmasters_row_0npv5fllrj\" class=\"cmsmasters_row cmsmasters_color_scheme_default cmsmasters_row_top_default cmsmasters_row_bot_default cmsmasters_row_boxed\">\n<div class=\"cmsmasters_row_outer_parent\">\n<div class=\"cmsmasters_row_outer\">\n<div class=\"cmsmasters_row_inner\">\n<div class=\"cmsmasters_row_margin\">\n<div id=\"cmsmasters_column_f2f5163d2d\" class=\"cmsmasters_column one_first\">\n<div class=\"cmsmasters_column_inner\"><div id=\"cmsmasters_heading_uvuvlfi42\" class=\"cmsmasters_heading_wrap cmsmasters_heading_align_left\">\n\t<h2 class=\"cmsmasters_heading\">Talep Formu<\/h2>\n<\/div><div id=\"cmsmasters_heading_fskaawm3k5\" class=\"cmsmasters_heading_wrap cmsmasters_heading_align_left\">\n\t<h2 class=\"cmsmasters_heading\">A\u015fa\u011f\u0131daki Formu Doldurarak Talepte Bulunabilirsiniz.<\/h2>\n<\/div>\n<div class=\"cmsmasters_contact_form\" data-animation=\"fadeIn\" data-delay=\"0\">\n<div class=\"wpcf7 no-js\" id=\"wpcf7-f13068-o1\" lang=\"en-US\" dir=\"ltr\" data-wpcf7-id=\"13068\">\n<div class=\"screen-reader-response\"><p role=\"status\" aria-live=\"polite\" aria-atomic=\"true\"><\/p> <ul><\/ul><\/div>\n<form action=\"\/index.php\/wp-json\/wp\/v2\/pages\/14096#wpcf7-f13068-o1\" method=\"post\" class=\"wpcf7-form init\" aria-label=\"Contact form\" novalidate=\"novalidate\" data-status=\"init\">\n<fieldset class=\"hidden-fields-container\"><input type=\"hidden\" name=\"_wpcf7\" value=\"13068\" \/><input type=\"hidden\" name=\"_wpcf7_version\" value=\"6.1.5\" \/><input type=\"hidden\" name=\"_wpcf7_locale\" value=\"en_US\" \/><input type=\"hidden\" name=\"_wpcf7_unit_tag\" value=\"wpcf7-f13068-o1\" \/><input type=\"hidden\" name=\"_wpcf7_container_post\" value=\"0\" \/><input type=\"hidden\" name=\"_wpcf7_posted_data_hash\" value=\"\" \/><input type=\"hidden\" name=\"_wpcf7_recaptcha_response\" value=\"\" \/>\n<\/fieldset>\n<div class=\"cmsmasters_row_margin cmsmasters_1212\">\n\t<div class=\"cmsmasters_column one_half\">\n\t\t<p><br \/>\n<span class=\"wpcf7-form-control-wrap\" data-name=\"menu-372\"><select class=\"wpcf7-form-control wpcf7-select\" aria-invalid=\"false\" name=\"menu-372\"><option value=\"Hizmet Se\u00e7imi\">Hizmet Se\u00e7imi<\/option><option value=\"T\u0131r Kantar\u0131\">T\u0131r Kantar\u0131<\/option><option value=\"T\u0131r Kantar\u0131 Servis\">T\u0131r Kantar\u0131 Servis<\/option><option value=\"\u00d6zel Yaz\u0131l\u0131m Geli\u015ftirme\">\u00d6zel Yaz\u0131l\u0131m Geli\u015ftirme<\/option><option value=\"DBA Kantar Program\u0131\">DBA Kantar Program\u0131<\/option><option value=\"\u00c7evre Bakanl\u0131\u011f\u0131 Kantar Program\u0131\">\u00c7evre Bakanl\u0131\u011f\u0131 Kantar Program\u0131<\/option><option value=\"Standart Kantar Program\u0131\">Standart Kantar Program\u0131<\/option><option value=\"Online Kantar Program\u0131\">Online Kantar Program\u0131<\/option><option value=\"Luca Entegre Kantar Program\u0131\">Luca Entegre Kantar Program\u0131<\/option><option value=\"U-ETDS Sistemi\">U-ETDS Sistemi<\/option><option value=\"Di\u011fer Yaz\u0131l\u0131mlar\">Di\u011fer Yaz\u0131l\u0131mlar<\/option><option value=\"Ak\u0131ll\u0131 Devriye Tur Kontrol\">Ak\u0131ll\u0131 Devriye Tur Kontrol<\/option><\/select><\/span>\n\t\t<\/p>\n\t\t<p><br \/>\n<span class=\"wpcf7-form-control-wrap\" data-name=\"your-name\"><input size=\"40\" maxlength=\"400\" class=\"wpcf7-form-control wpcf7-text\" aria-invalid=\"false\" placeholder=\"Ad\u0131n\u0131z\" value=\"\" type=\"text\" name=\"your-name\" \/><\/span>\n\t\t<\/p>\n\t\t<p><br \/>\n<span class=\"wpcf7-form-control-wrap\" data-name=\"your-email\"><input size=\"40\" maxlength=\"400\" class=\"wpcf7-form-control wpcf7-text\" aria-invalid=\"false\" placeholder=\"E-mail\" value=\"\" type=\"text\" name=\"your-email\" \/><\/span>\n\t\t<\/p>\n\t<\/div>\n\t<div class=\"cmsmasters_column one_half\">\n\t\t<p><br \/>\n<span class=\"wpcf7-form-control-wrap\" data-name=\"menu-376\"><select class=\"wpcf7-form-control wpcf7-select\" aria-invalid=\"false\" name=\"menu-376\"><option value=\"Konu\">Konu<\/option><option value=\"Fiyat Teklifi\">Fiyat Teklifi<\/option><option value=\"Destek\">Destek<\/option><option value=\"Lisans Yenileme\">Lisans Yenileme<\/option><option value=\"Yeni Kurulum\">Yeni Kurulum<\/option><option value=\"\u00d6neri\">\u00d6neri<\/option><\/select><\/span>\n\t\t<\/p>\n\t\t<p><br \/>\n<span class=\"wpcf7-form-control-wrap\" data-name=\"phone\"><input size=\"40\" maxlength=\"400\" class=\"wpcf7-form-control wpcf7-tel wpcf7-text wpcf7-validates-as-tel\" aria-invalid=\"false\" placeholder=\"Telefon\" value=\"\" type=\"tel\" name=\"phone\" \/><\/span>\n\t\t<\/p>\n\t<\/div>\n<\/div>\n<div class=\"cmsmasters_row_margin cmsmasters_11\">\n\t<div class=\"cmsmasters_column one_first\">\n\t\t<p><br \/>\n<span class=\"wpcf7-form-control-wrap\" data-name=\"your-message\"><textarea cols=\"40\" rows=\"10\" maxlength=\"2000\" class=\"wpcf7-form-control wpcf7-textarea\" aria-invalid=\"false\" placeholder=\"Mesaj\u0131n\u0131z *\" name=\"your-message\"><\/textarea><\/span>\n\t\t<\/p>\n\t<\/div>\n\t<div class=\"cmsmasters_column one_first\">\n\t\t<p><br \/>\n\t\t<span class=\"wpcf7-form-control-wrap recaptcha\" data-name=\"recaptcha\"><span data-sitekey=\"6LcDzgwpAAAAABp9uM2Y5ZmLwl0EfSEuV5Bz23XP\" class=\"wpcf7-form-control wpcf7-recaptcha g-recaptcha\"><\/span>\r\n<noscript>\r\n\t<div class=\"grecaptcha-noscript\">\r\n\t\t<iframe loading=\"lazy\" src=\"https:\/\/www.google.com\/recaptcha\/api\/fallback?k=6LcDzgwpAAAAABp9uM2Y5ZmLwl0EfSEuV5Bz23XP\" frameborder=\"0\" scrolling=\"no\" width=\"310\" height=\"430\">\r\n\t\t<\/iframe>\r\n\t\t<textarea name=\"g-recaptcha-response\" rows=\"3\" cols=\"40\" placeholder=\"reCaptcha Response Here\">\r\n\t\t<\/textarea>\r\n\t<\/div>\r\n<\/noscript>\r\n<\/span>\n\t\t<\/p>\n\t\t<p><input class=\"wpcf7-form-control wpcf7-submit has-spinner\" type=\"submit\" value=\"Formu G\u00f6nder\" \/>\n\t\t<\/p>\n\t<\/div>\n<\/div><div class=\"wpcf7-response-output\" aria-hidden=\"true\"><\/div>\n<\/form>\n<\/div>\n<\/div>\n<\/div><\/div>\n<\/div>\n<\/div>\n<\/div>\n<\/div>\n<\/div>\n\n","protected":false},"excerpt":{"rendered":"","protected":false},"author":1,"featured_media":0,"parent":0,"menu_order":0,"comment_status":"closed","ping_status":"closed","template":"","meta":{"footnotes":""},"class_list":["post-14096","page","type-page","status-publish","hentry"],"_links":{"self":[{"href":"https:\/\/www.elitesistem.com\/index.php\/wp-json\/wp\/v2\/pages\/14096","targetHints":{"allow":["GET"]}}],"collection":[{"href":"https:\/\/www.elitesistem.com\/index.php\/wp-json\/wp\/v2\/pages"}],"about":[{"href":"https:\/\/www.elitesistem.com\/index.php\/wp-json\/wp\/v2\/types\/page"}],"author":[{"embeddable":true,"href":"https:\/\/www.elitesistem.com\/index.php\/wp-json\/wp\/v2\/users\/1"}],"replies":[{"embeddable":true,"href":"https:\/\/www.elitesistem.com\/index.php\/wp-json\/wp\/v2\/comments?post=14096"}],"version-history":[{"count":3,"href":"https:\/\/www.elitesistem.com\/index.php\/wp-json\/wp\/v2\/pages\/14096\/revisions"}],"predecessor-version":[{"id":14930,"href":"https:\/\/www.elitesistem.com\/index.php\/wp-json\/wp\/v2\/pages\/14096\/revisions\/14930"}],"wp:attachment":[{"href":"https:\/\/www.elitesistem.com\/index.php\/wp-json\/wp\/v2\/media?parent=14096"}],"curies":[{"name":"wp","href":"https:\/\/api.w.org\/{rel}","templated":true}]}}