{"id":14072,"date":"2023-11-11T01:59:38","date_gmt":"2023-11-10T22:59:38","guid":{"rendered":"https:\/\/www.elitesistem.com\/?page_id=14072"},"modified":"2024-01-30T14:23:39","modified_gmt":"2024-01-30T11:23:39","slug":"luca-entegre-kantar-programi","status":"publish","type":"page","link":"https:\/\/www.elitesistem.com\/index.php\/luca-entegre-kantar-programi","title":{"rendered":"Luca Entegre Kantar Program\u0131"},"content":{"rendered":"<div id=\"cmsmasters_row_mn87kwg5ro\" class=\"cmsmasters_row cmsmasters_color_scheme_default cmsmasters_row_top_default cmsmasters_row_bot_default cmsmasters_row_boxed\">\n<div class=\"cmsmasters_row_outer_parent\">\n<div class=\"cmsmasters_row_outer\">\n<div class=\"cmsmasters_row_inner\">\n<div class=\"cmsmasters_row_margin\">\n<div id=\"cmsmasters_column_901f4646bb\" class=\"cmsmasters_column one_first\">\n<div class=\"cmsmasters_column_inner\"><div class=\"cmsmasters_img  cmsmasters_image_l\"><img decoding=\"async\" src=\"https:\/\/www.elitesistem.com\/wp-content\/uploads\/2023\/11\/luca-kantar-programi-online-1.jpg\" alt=\"Luca Entegre Online Kantar Program\u0131\" \/><\/div>\n<div id=\"cmsmasters_divider_aj3tszxznq\" class=\"cmsmasters_divider cmsmasters_divider_width_long cmsmasters_divider_pos_center\"><\/div>\n<div id=\"cmsmasters_gallery_v34ohl2vpr\" class=\"cmsmasters_gallery_wrap\" data-type=\"grid\" data-count=\"0\"><ul class=\"cmsmasters_gallery cmsmasters_4 cmsmasters_more_items_loader\"><li class=\"cmsmasters_gallery_item cmsmasters_caption\"><figure><a href=\"https:\/\/www.elitesistem.com\/wp-content\/uploads\/2023\/11\/DBAKantarBelgesi.jpg\" rel=\"ilightbox[v34ohl2vpr]\"><img loading=\"lazy\" decoding=\"async\" width=\"1920\" height=\"1032\" src=\"https:\/\/www.elitesistem.com\/wp-content\/uploads\/2023\/11\/DBAKantarBelgesi.jpg\" class=\"attachment-full size-full\" alt=\"VGM Kantar Program\u0131\" srcset=\"https:\/\/www.elitesistem.com\/wp-content\/uploads\/2023\/11\/DBAKantarBelgesi.jpg 1920w, https:\/\/www.elitesistem.com\/wp-content\/uploads\/2023\/11\/DBAKantarBelgesi-600x323.jpg 600w, https:\/\/www.elitesistem.com\/wp-content\/uploads\/2023\/11\/DBAKantarBelgesi-300x161.jpg 300w, https:\/\/www.elitesistem.com\/wp-content\/uploads\/2023\/11\/DBAKantarBelgesi-1024x550.jpg 1024w, https:\/\/www.elitesistem.com\/wp-content\/uploads\/2023\/11\/DBAKantarBelgesi-768x413.jpg 768w, https:\/\/www.elitesistem.com\/wp-content\/uploads\/2023\/11\/DBAKantarBelgesi-1536x826.jpg 1536w, https:\/\/www.elitesistem.com\/wp-content\/uploads\/2023\/11\/DBAKantarBelgesi-580x312.jpg 580w, https:\/\/www.elitesistem.com\/wp-content\/uploads\/2023\/11\/DBAKantarBelgesi-860x462.jpg 860w, https:\/\/www.elitesistem.com\/wp-content\/uploads\/2023\/11\/DBAKantarBelgesi-1160x624.jpg 1160w\" sizes=\"auto, (max-width: 1920px) 100vw, 1920px\" \/><\/a><figcaption>VGM Kantar Program\u0131\n<\/figcaption><\/figure><\/li><li class=\"cmsmasters_gallery_item cmsmasters_caption\"><figure><a href=\"https:\/\/www.elitesistem.com\/wp-content\/uploads\/2023\/11\/Adsiz.jpg\" rel=\"ilightbox[v34ohl2vpr]\"><img loading=\"lazy\" decoding=\"async\" width=\"1920\" height=\"1025\" src=\"https:\/\/www.elitesistem.com\/wp-content\/uploads\/2023\/11\/Adsiz.jpg\" class=\"attachment-full size-full\" alt=\"Luca Entegre Kantar Program\u0131\" srcset=\"https:\/\/www.elitesistem.com\/wp-content\/uploads\/2023\/11\/Adsiz.jpg 1920w, https:\/\/www.elitesistem.com\/wp-content\/uploads\/2023\/11\/Adsiz-600x320.jpg 600w, https:\/\/www.elitesistem.com\/wp-content\/uploads\/2023\/11\/Adsiz-300x160.jpg 300w, https:\/\/www.elitesistem.com\/wp-content\/uploads\/2023\/11\/Adsiz-1024x547.jpg 1024w, https:\/\/www.elitesistem.com\/wp-content\/uploads\/2023\/11\/Adsiz-768x410.jpg 768w, https:\/\/www.elitesistem.com\/wp-content\/uploads\/2023\/11\/Adsiz-1536x820.jpg 1536w, https:\/\/www.elitesistem.com\/wp-content\/uploads\/2023\/11\/Adsiz-580x310.jpg 580w, https:\/\/www.elitesistem.com\/wp-content\/uploads\/2023\/11\/Adsiz-860x459.jpg 860w, https:\/\/www.elitesistem.com\/wp-content\/uploads\/2023\/11\/Adsiz-1160x619.jpg 1160w\" sizes=\"auto, (max-width: 1920px) 100vw, 1920px\" \/><\/a><figcaption>Luca Entegre Kantar Program\u0131<\/figcaption><\/figure><\/li><li class=\"cmsmasters_gallery_item cmsmasters_caption\"><figure><a href=\"https:\/\/www.elitesistem.com\/wp-content\/uploads\/2023\/11\/luca-kantar-programi-online-2.jpg\" rel=\"ilightbox[v34ohl2vpr]\"><img loading=\"lazy\" decoding=\"async\" width=\"1920\" height=\"1025\" src=\"https:\/\/www.elitesistem.com\/wp-content\/uploads\/2023\/11\/luca-kantar-programi-online-2.jpg\" class=\"attachment-full size-full\" alt=\"Luca Entegre Online Kantar Program\u0131\" srcset=\"https:\/\/www.elitesistem.com\/wp-content\/uploads\/2023\/11\/luca-kantar-programi-online-2.jpg 1920w, https:\/\/www.elitesistem.com\/wp-content\/uploads\/2023\/11\/luca-kantar-programi-online-2-600x320.jpg 600w, https:\/\/www.elitesistem.com\/wp-content\/uploads\/2023\/11\/luca-kantar-programi-online-2-300x160.jpg 300w, https:\/\/www.elitesistem.com\/wp-content\/uploads\/2023\/11\/luca-kantar-programi-online-2-1024x547.jpg 1024w, https:\/\/www.elitesistem.com\/wp-content\/uploads\/2023\/11\/luca-kantar-programi-online-2-768x410.jpg 768w, https:\/\/www.elitesistem.com\/wp-content\/uploads\/2023\/11\/luca-kantar-programi-online-2-1536x820.jpg 1536w, https:\/\/www.elitesistem.com\/wp-content\/uploads\/2023\/11\/luca-kantar-programi-online-2-580x310.jpg 580w, https:\/\/www.elitesistem.com\/wp-content\/uploads\/2023\/11\/luca-kantar-programi-online-2-860x459.jpg 860w, https:\/\/www.elitesistem.com\/wp-content\/uploads\/2023\/11\/luca-kantar-programi-online-2-1160x619.jpg 1160w\" sizes=\"auto, (max-width: 1920px) 100vw, 1920px\" \/><\/a><figcaption>Luca Entegre Online Kantar Program\u0131<\/figcaption><\/figure><\/li><li class=\"cmsmasters_gallery_item cmsmasters_caption\"><figure><a href=\"https:\/\/www.elitesistem.com\/wp-content\/uploads\/2023\/11\/luca-kantar-programi-online-3.jpg\" rel=\"ilightbox[v34ohl2vpr]\"><img loading=\"lazy\" decoding=\"async\" width=\"1920\" height=\"1025\" src=\"https:\/\/www.elitesistem.com\/wp-content\/uploads\/2023\/11\/luca-kantar-programi-online-3.jpg\" class=\"attachment-full size-full\" alt=\"Luca Entegre Online Kantar Program\u0131\" srcset=\"https:\/\/www.elitesistem.com\/wp-content\/uploads\/2023\/11\/luca-kantar-programi-online-3.jpg 1920w, https:\/\/www.elitesistem.com\/wp-content\/uploads\/2023\/11\/luca-kantar-programi-online-3-600x320.jpg 600w, https:\/\/www.elitesistem.com\/wp-content\/uploads\/2023\/11\/luca-kantar-programi-online-3-300x160.jpg 300w, https:\/\/www.elitesistem.com\/wp-content\/uploads\/2023\/11\/luca-kantar-programi-online-3-1024x547.jpg 1024w, https:\/\/www.elitesistem.com\/wp-content\/uploads\/2023\/11\/luca-kantar-programi-online-3-768x410.jpg 768w, https:\/\/www.elitesistem.com\/wp-content\/uploads\/2023\/11\/luca-kantar-programi-online-3-1536x820.jpg 1536w, https:\/\/www.elitesistem.com\/wp-content\/uploads\/2023\/11\/luca-kantar-programi-online-3-580x310.jpg 580w, https:\/\/www.elitesistem.com\/wp-content\/uploads\/2023\/11\/luca-kantar-programi-online-3-860x459.jpg 860w, https:\/\/www.elitesistem.com\/wp-content\/uploads\/2023\/11\/luca-kantar-programi-online-3-1160x619.jpg 1160w\" sizes=\"auto, (max-width: 1920px) 100vw, 1920px\" \/><\/a><figcaption>Luca Entegre Online Kantar Program\u0131<\/figcaption><\/figure><\/li><\/ul><\/div><div id=\"cmsmasters_heading_jjd9l66d35\" class=\"cmsmasters_heading_wrap cmsmasters_heading_align_left\">\n\t<h2 class=\"cmsmasters_heading cmsmasters-icon-thumbs-up-3\">Luca Entegre Online Kantar Program\u0131<\/h2>\n<\/div><div id=\"cmsmasters_heading_cas9kpf3om\" class=\"cmsmasters_heading_wrap cmsmasters_heading_align_left\">\n\t<h2 class=\"cmsmasters_heading cmsmasters-icon-help-2\">Yaz\u0131l\u0131m Genel \u00d6zellikleri<\/h2>\n<\/div><div class=\"cmsmasters_text\">\n<h2><strong>Luca Entegre <a href=\"https:\/\/onlinekantar.net\/login.php\" target=\"_blank\" rel=\"noopener\">Kantar Program\u0131<\/a> <\/strong><\/h2>\n<p><strong>\u00d6zellikleri<\/strong><\/p>\n<p><strong><a title=\"dba nedir\" href=\"http:\/\/www.onlinekantar.net\/\" target=\"_blank\" rel=\"noopener\">www.onlinekantar.net<\/a>,\u00a0<\/strong>adresinden kolayca takip edilebilir ayr\u0131ca m\u00fc\u015fterilerinize panel verilerek kendi tart\u0131mlar\u0131n\u0131 takip etmesini sa\u011flayabilirsiniz. tart\u0131m esnas\u0131nda m\u00fc\u015fterinize tart\u0131m fi\u015fini mail veya SMS olarak g\u00f6nderebilirsiniz t\u00fcm indikat\u00f6r ve kantarlara uyumludur.\u00a0<b>\u00a0<\/b><\/p>\n<ul>\n<li class=\"279eb841ac5b97bdmsofooter\">T\u00fcm a\u011f\u0131rl\u0131k kantarlar\u0131na uyarlanabilir (Esit, Tunaylar, Baykon\u2026).<\/li>\n<li class=\"279eb841ac5b97bdmsofooter\">Kantar giri\u015f ve \u00e7\u0131k\u0131\u015f kay\u0131tlar\u0131 (kantar fi\u015fi) olu\u015fturulur, yazd\u0131r\u0131l\u0131r.<\/li>\n<li class=\"279eb841ac5b97bdmsofooter\">Ayr\u0131nt\u0131l\u0131 raporlar elde edilir.<\/li>\n<li class=\"279eb841ac5b97bdmsofooter\">Client-Server, Microsoft SQL Server altyap\u0131s\u0131 \u00fczerinde \u00e7al\u0131\u015f\u0131r.<\/li>\n<li class=\"279eb841ac5b97bdmsofooter\">Basit ve kullan\u0131c\u0131 dostu bir ara y\u00fcz\u00fc vard\u0131r.<\/li>\n<li class=\"279eb841ac5b97bdmsofooter\">Kullan\u0131c\u0131 yetkilendirme i\u015flevi vard\u0131r.<\/li>\n<li><a href=\"https:\/\/onlinekantar.net\/\" target=\"_blank\" rel=\"noopener\">www.onlinekantar.net<\/a> \u00a0adresinden t\u00fcm tart\u0131mlar\u0131n raporlar\u0131 anl\u0131k olarak al\u0131nabilir.<\/li>\n<li>Tart\u0131mlar online olarak E-irsaliye g\u00f6nderilebilir<\/li>\n<li>Luca Muhasebe Program\u0131na Entegre olarak \u00e7al\u0131\u015fmaktad\u0131r.<\/li>\n<\/ul>\n<p>&nbsp;<\/p>\n<\/div>\n<div id=\"cmsmasters_heading_ukpy60ak4\" class=\"cmsmasters_heading_wrap cmsmasters_heading_align_left\">\n\t<h2 class=\"cmsmasters_heading cmsmasters-icon-help-2\">Birden Fazla Lokasyonda Tek Kantar Program\u0131 Kullanabilirsiniz !<\/h2>\n<\/div>\n<div id=\"cmsmasters_divider_vp87z002on\" class=\"cmsmasters_divider cmsmasters_divider_width_long cmsmasters_divider_pos_center\"><\/div>\n<\/div><\/div>\n<\/div>\n<\/div>\n<\/div>\n<\/div>\n<\/div>\n<div id=\"cmsmasters_row_d3bwle72u\" class=\"cmsmasters_row cmsmasters_color_scheme_default cmsmasters_row_top_default cmsmasters_row_bot_default cmsmasters_row_boxed\">\n<div class=\"cmsmasters_row_outer_parent\">\n<div class=\"cmsmasters_row_outer\">\n<div class=\"cmsmasters_row_inner\">\n<div class=\"cmsmasters_row_margin\">\n<div id=\"cmsmasters_column_4a2d892c3a\" class=\"cmsmasters_column one_first\">\n<div class=\"cmsmasters_column_inner\"><div class=\"cmsmasters_text\">\n<p>Kantar Program\u0131 ile <strong><a href=\"https:\/\/www.elitesistem.com\/index.php\/online-kantar-programi\">kantar program\u0131<\/a><\/strong> ndaki hareketlerini ve ge\u00e7mi\u015fe d\u00f6n\u00fck <a href=\"https:\/\/www.elitesistem.com\/index.php\/online-kantar-programi\">kantar<\/a> raporlar\u0131n\u0131 g\u00f6rebilmek i\u00e7in herhangi bir internet taray\u0131c\u0131s\u0131ndan <a href=\"https:\/\/onlinekantar.net\/\" target=\"_blank\" rel=\"noopener\">www.onlinekantar.net<\/a>\u00a0 adresine giri\u015f yaparak t\u00fcm kantar raporlar\u0131na ula\u015fabilirsiniz.<\/p>\n<p><strong>Luca Kantar Program\u0131\u00a0<\/strong><\/p>\n<p>Luca kantar program\u0131, a\u011f\u0131r y\u00fcklerin g\u00fcvenli, zahmetsiz bir \u015fekilde tart\u0131lmas\u0131n\u0131 sa\u011flamaktad\u0131r. T\u00fcrkiye\u2019de \u00fcretilen ilk web tabanl\u0131 merkezi finansal y\u00f6netim sistemi olarak bilinmektedir. Resmi olarak muhasebe i\u015flemlerinin takibini yapabilme olana\u011f\u0131 veren Luca, g\u00fcvenli muhasebe program\u0131d\u0131r.<\/p>\n<p>Bir ba\u015fka deyi\u015fle Luca ilk yerli ve milli olarak geli\u015ftirilen muhasebe program\u0131d\u0131r. Luca <strong><a href=\"https:\/\/www.elitesistem.com\/index.php\/luca-entegre-kantar-programi\">kantar program\u0131<\/a><\/strong> hem bilgisayar hem de mobil cihazlarda \u00e7al\u0131\u015fmaktad\u0131r. Yaln\u0131z entegrasyon i\u015flemlerinin yap\u0131lmas\u0131 gerekmektedir.<\/p>\n<p>&nbsp;<\/p>\n<p><strong>Luca Kantar program\u0131 Ne Demek?\u00a0<\/strong><\/p>\n<p>Bilgisayar muhasebe program\u0131 olarak Luca yaz\u0131l\u0131m\u0131n\u0131n \u00f6ncelikle geleneksel muhasebe program\u0131na Entegre edilmektedir. B\u00f6ylelikle geleneksel yaz\u0131l\u0131m programlar\u0131na ilaveten g\u00fcncel yaz\u0131l\u0131m sistemi kullan\u0131labilmektedir. <strong>Luca kantar program\u0131<\/strong> T\u00fcrkiye Muhasebeci Mali M\u00fc\u015favirler &#8211; Yeminli Mali M\u00fc\u015favirleri Birli\u011fince \u00fcretilmektedir.<\/p>\n<p>Ayn\u0131 zamanda Temel E\u011fitim ve Staj Merkezi ortak \u00e7al\u0131\u015fmas\u0131 olarak geli\u015ftirilmi\u015ftir. Kantar program\u0131 e-muhasebe sistemine entegre edilmi\u015f bulunmaktad\u0131r. Bilgisayar entegrasyonu yap\u0131lan <strong>Luca <a href=\"https:\/\/onlinekantar.net\/login.php\" target=\"_blank\" rel=\"noopener\">kantar program\u0131 <\/a><\/strong>sayesinde ba\u015flang\u0131\u00e7 ve var\u0131\u015f noktas\u0131 aras\u0131nda takip olana\u011f\u0131 sunmaktad\u0131r. Kullan\u0131c\u0131ya g\u00fcvenli ve kusursuz veri ak\u0131\u015f\u0131 sa\u011flayan program mobil uygulamada kullan\u0131labilmektedir.<\/p>\n<p>Ge\u00e7mi\u015f sistemlerde tart\u0131m verileri &#8211; sevkiyat raporlar\u0131na alternatif olarak Luca program\u0131 geli\u015ftirilmi\u015f bulunmaktad\u0131r. Android ve iOS cihazlar i\u00e7in geli\u015ftirilen uygulama kolayl\u0131kla kurulabilmektedir. Hatta kullan\u0131c\u0131ya bulundu\u011fu her yerde i\u015flem yapabilme olana\u011f\u0131 sunmaktad\u0131r.<\/p>\n<p>&nbsp;<\/p>\n<p><strong>Luca Entegrasyonu Neden Yap\u0131lmaktad\u0131r?\u00a0<\/strong><\/p>\n<p>Luca entegrasyon i\u015flemi yap\u0131larak kantar muhasebe i\u015flemleri kolayla\u015ft\u0131r\u0131labilmektedir. Kantar takibi yapabilmek ve g\u00fcvenli veri kay\u0131tlar\u0131 i\u015fletme i\u00e7in b\u00fcy\u00fck \u00f6nem ta\u015f\u0131maktad\u0131r. Bilgisayar takibi yap\u0131labilmekte art\u0131k<strong> luca entegre <a href=\"https:\/\/onlinekantar.net\/login.php\" target=\"_blank\" rel=\"noopener\">kantar program\u0131 <\/a><\/strong>uygulamas\u0131 \u00fczerinden yap\u0131labilmektedir.<\/p>\n<p>Luca entegrasyonu sayesinde a\u011f\u0131r ta\u015f\u0131ma ara\u00e7larla y\u00fckleri mobil uygulama \u00fczerinden takip edilebilmektedir. Bu nedenle mobil uygulama \u00fczerinden takip de m\u00fcmk\u00fcn olabilmektedir. Ancak entegre i\u015flemleri ilk yerli yaz\u0131l\u0131m olarak Luca entegrasyonu yap\u0131lmas\u0131 gerekmektedir.<\/p>\n<p>\u0130leri teknoloji program\u0131 olarak geli\u015ftirilen Luca kantar program\u0131 eksiksiz veri sunmaktad\u0131r. Bundan dolay\u0131 Luca entegrasyon i\u015flemelerinin profesyonellere yapt\u0131r\u0131lmas\u0131 gerekmektedir. T\u00dcRMOB ve TESMER taraf\u0131ndan \u00fcretilerek kullan\u0131ma sunulmu\u015f bulunmaktad\u0131r.<\/p>\n<p>Luca i\u015fletmelerin resmi muhasebe i\u015flemlerini kolayla\u015ft\u0131rmaktad\u0131r. Bundan b\u00f6yle kolayl\u0131kla <strong>luca entegre <a href=\"https:\/\/onlinekantar.net\/login.php\" target=\"_blank\" rel=\"noopener\">kantar program\u0131<\/a><\/strong> kurularak g\u00fcvenle kullan\u0131labilmektedir. Uyumlama ve b\u00fct\u00fcnle\u015ftirme olarak ifade edilen entegre i\u015flemi g\u00fcvenli muhasebe sistemi olarak \u00e7al\u0131\u015fmaktad\u0131r.<\/p>\n<p>&nbsp;<\/p>\n<p><strong>Luca <a href=\"https:\/\/onlinekantar.net\/login.php\" target=\"_blank\" rel=\"noopener\">Kantar Program\u0131<\/a> Fiyatlar\u0131\u00a0<\/strong><\/p>\n<p>G\u00fcncel teknoloji sistemleri e- ticaretle u\u011fra\u015fanlar i\u00e7in b\u00fcy\u00fck kolayl\u0131k sa\u011flamaktad\u0131r. Bu y\u00fczden vakit kaybetmeden geleneksel sisteme entegre edilerek ge\u00e7i\u015f yap\u0131lmas\u0131 gerekmektedir. Uygun fiyat y\u00fcksek kazan\u00e7 ilkesiyle \u00e7al\u0131\u015farak \u015firket finansal kaynaklar\u0131 y\u00fckseltilebilmektedir.<\/p>\n<p>\u00dcstelik mobil uygulama kullan\u0131c\u0131ya 7\/24 takip olana\u011f\u0131 vermektedir. Luca entegre kantar program\u0131 sayesinde veri kayb\u0131 ve kesintisiz takip yap\u0131labilmektedir. Luca entegre kantar program\u0131 internet \u00fczerinden temin edilebilmektedir. Kolayl\u0131kla kurularak g\u00fcvenle kullan\u0131labilmektedir.<\/p>\n<p>T\u00fcrkiye&#8217;de \u00fcretilen ilk web yaz\u0131l\u0131m\u0131 olarak Luca programlar\u0131 kullan\u0131c\u0131n\u0131n ilk tercihi olmaktad\u0131r. \u00d6zellikle Luca entegre kantar program\u0131 g\u00fcvenli, kolay kesintisiz veri sunabilmektedir. Program e-ticaret sistemlerinde veri ak\u0131\u015f\u0131n\u0131 eksiksiz olarak yap\u0131labilmesini sa\u011flamaktad\u0131r.<\/p>\n<p>&nbsp;<\/p>\n<\/div>\n<\/div><\/div>\n<\/div>\n<\/div>\n<\/div>\n<\/div>\n<\/div>\n<div id=\"cmsmasters_row_z60a1j0sy\" class=\"cmsmasters_row cmsmasters_color_scheme_default cmsmasters_row_top_default cmsmasters_row_bot_default cmsmasters_row_boxed\">\n<div class=\"cmsmasters_row_outer_parent\">\n<div class=\"cmsmasters_row_outer\">\n<div class=\"cmsmasters_row_inner\">\n<div class=\"cmsmasters_row_margin\">\n<div id=\"cmsmasters_column_f2f5163d2d\" class=\"cmsmasters_column one_first\">\n<div class=\"cmsmasters_column_inner\">\n<div id=\"cmsmasters_divider_6xquu1umvb\" class=\"cmsmasters_divider cmsmasters_divider_width_long cmsmasters_divider_pos_center\"><\/div>\n<div id=\"cmsmasters_heading_qyihxudn7c\" class=\"cmsmasters_heading_wrap cmsmasters_heading_align_left\">\n\t<h2 class=\"cmsmasters_heading\">Talep Formu<\/h2>\n<\/div><div id=\"cmsmasters_heading_vavnvozr9k\" class=\"cmsmasters_heading_wrap cmsmasters_heading_align_left\">\n\t<h2 class=\"cmsmasters_heading\">A\u015fa\u011f\u0131daki Formu Doldurarak Talepte Bulunabilirsiniz.<\/h2>\n<\/div>\n<div class=\"cmsmasters_contact_form\" data-animation=\"fadeIn\" data-delay=\"0\">\n<div class=\"wpcf7 no-js\" id=\"wpcf7-f13068-o1\" lang=\"en-US\" dir=\"ltr\" data-wpcf7-id=\"13068\">\n<div class=\"screen-reader-response\"><p role=\"status\" aria-live=\"polite\" aria-atomic=\"true\"><\/p> <ul><\/ul><\/div>\n<form action=\"\/index.php\/wp-json\/wp\/v2\/pages\/14072#wpcf7-f13068-o1\" method=\"post\" class=\"wpcf7-form init\" aria-label=\"Contact form\" novalidate=\"novalidate\" data-status=\"init\">\n<fieldset class=\"hidden-fields-container\"><input type=\"hidden\" name=\"_wpcf7\" value=\"13068\" \/><input type=\"hidden\" name=\"_wpcf7_version\" value=\"6.1.5\" \/><input type=\"hidden\" name=\"_wpcf7_locale\" value=\"en_US\" \/><input type=\"hidden\" name=\"_wpcf7_unit_tag\" value=\"wpcf7-f13068-o1\" \/><input type=\"hidden\" name=\"_wpcf7_container_post\" value=\"0\" \/><input type=\"hidden\" name=\"_wpcf7_posted_data_hash\" value=\"\" \/><input type=\"hidden\" name=\"_wpcf7_recaptcha_response\" value=\"\" \/>\n<\/fieldset>\n<div class=\"cmsmasters_row_margin cmsmasters_1212\">\n\t<div class=\"cmsmasters_column one_half\">\n\t\t<p><br \/>\n<span class=\"wpcf7-form-control-wrap\" data-name=\"menu-372\"><select class=\"wpcf7-form-control wpcf7-select\" aria-invalid=\"false\" name=\"menu-372\"><option value=\"Hizmet Se\u00e7imi\">Hizmet Se\u00e7imi<\/option><option value=\"T\u0131r Kantar\u0131\">T\u0131r Kantar\u0131<\/option><option value=\"T\u0131r Kantar\u0131 Servis\">T\u0131r Kantar\u0131 Servis<\/option><option value=\"\u00d6zel Yaz\u0131l\u0131m Geli\u015ftirme\">\u00d6zel Yaz\u0131l\u0131m Geli\u015ftirme<\/option><option value=\"DBA Kantar Program\u0131\">DBA Kantar Program\u0131<\/option><option value=\"\u00c7evre Bakanl\u0131\u011f\u0131 Kantar Program\u0131\">\u00c7evre Bakanl\u0131\u011f\u0131 Kantar Program\u0131<\/option><option value=\"Standart Kantar Program\u0131\">Standart Kantar Program\u0131<\/option><option value=\"Online Kantar Program\u0131\">Online Kantar Program\u0131<\/option><option value=\"Luca Entegre Kantar Program\u0131\">Luca Entegre Kantar Program\u0131<\/option><option value=\"U-ETDS Sistemi\">U-ETDS Sistemi<\/option><option value=\"Di\u011fer Yaz\u0131l\u0131mlar\">Di\u011fer Yaz\u0131l\u0131mlar<\/option><option value=\"Ak\u0131ll\u0131 Devriye Tur Kontrol\">Ak\u0131ll\u0131 Devriye Tur Kontrol<\/option><\/select><\/span>\n\t\t<\/p>\n\t\t<p><br \/>\n<span class=\"wpcf7-form-control-wrap\" data-name=\"your-name\"><input size=\"40\" maxlength=\"400\" class=\"wpcf7-form-control wpcf7-text\" aria-invalid=\"false\" placeholder=\"Ad\u0131n\u0131z\" value=\"\" type=\"text\" name=\"your-name\" \/><\/span>\n\t\t<\/p>\n\t\t<p><br \/>\n<span class=\"wpcf7-form-control-wrap\" data-name=\"your-email\"><input size=\"40\" maxlength=\"400\" class=\"wpcf7-form-control wpcf7-text\" aria-invalid=\"false\" placeholder=\"E-mail\" value=\"\" type=\"text\" name=\"your-email\" \/><\/span>\n\t\t<\/p>\n\t<\/div>\n\t<div class=\"cmsmasters_column one_half\">\n\t\t<p><br \/>\n<span class=\"wpcf7-form-control-wrap\" data-name=\"menu-376\"><select class=\"wpcf7-form-control wpcf7-select\" aria-invalid=\"false\" name=\"menu-376\"><option value=\"Konu\">Konu<\/option><option value=\"Fiyat Teklifi\">Fiyat Teklifi<\/option><option value=\"Destek\">Destek<\/option><option value=\"Lisans Yenileme\">Lisans Yenileme<\/option><option value=\"Yeni Kurulum\">Yeni Kurulum<\/option><option value=\"\u00d6neri\">\u00d6neri<\/option><\/select><\/span>\n\t\t<\/p>\n\t\t<p><br \/>\n<span class=\"wpcf7-form-control-wrap\" data-name=\"phone\"><input size=\"40\" maxlength=\"400\" class=\"wpcf7-form-control wpcf7-tel wpcf7-text wpcf7-validates-as-tel\" aria-invalid=\"false\" placeholder=\"Telefon\" value=\"\" type=\"tel\" name=\"phone\" \/><\/span>\n\t\t<\/p>\n\t<\/div>\n<\/div>\n<div class=\"cmsmasters_row_margin cmsmasters_11\">\n\t<div class=\"cmsmasters_column one_first\">\n\t\t<p><br \/>\n<span class=\"wpcf7-form-control-wrap\" data-name=\"your-message\"><textarea cols=\"40\" rows=\"10\" maxlength=\"2000\" class=\"wpcf7-form-control wpcf7-textarea\" aria-invalid=\"false\" placeholder=\"Mesaj\u0131n\u0131z *\" name=\"your-message\"><\/textarea><\/span>\n\t\t<\/p>\n\t<\/div>\n\t<div class=\"cmsmasters_column one_first\">\n\t\t<p><br \/>\n\t\t<span class=\"wpcf7-form-control-wrap recaptcha\" data-name=\"recaptcha\"><span data-sitekey=\"6LcDzgwpAAAAABp9uM2Y5ZmLwl0EfSEuV5Bz23XP\" class=\"wpcf7-form-control wpcf7-recaptcha g-recaptcha\"><\/span>\r\n<noscript>\r\n\t<div class=\"grecaptcha-noscript\">\r\n\t\t<iframe loading=\"lazy\" src=\"https:\/\/www.google.com\/recaptcha\/api\/fallback?k=6LcDzgwpAAAAABp9uM2Y5ZmLwl0EfSEuV5Bz23XP\" frameborder=\"0\" scrolling=\"no\" width=\"310\" height=\"430\">\r\n\t\t<\/iframe>\r\n\t\t<textarea name=\"g-recaptcha-response\" rows=\"3\" cols=\"40\" placeholder=\"reCaptcha Response Here\">\r\n\t\t<\/textarea>\r\n\t<\/div>\r\n<\/noscript>\r\n<\/span>\n\t\t<\/p>\n\t\t<p><input class=\"wpcf7-form-control wpcf7-submit has-spinner\" type=\"submit\" value=\"Formu G\u00f6nder\" \/>\n\t\t<\/p>\n\t<\/div>\n<\/div><div class=\"wpcf7-response-output\" aria-hidden=\"true\"><\/div>\n<\/form>\n<\/div>\n<\/div>\n<\/div><\/div>\n<\/div>\n<\/div>\n<\/div>\n<\/div>\n<\/div>\n\n","protected":false},"excerpt":{"rendered":"","protected":false},"author":1,"featured_media":0,"parent":0,"menu_order":0,"comment_status":"closed","ping_status":"closed","template":"","meta":{"footnotes":""},"class_list":["post-14072","page","type-page","status-publish","hentry"],"_links":{"self":[{"href":"https:\/\/www.elitesistem.com\/index.php\/wp-json\/wp\/v2\/pages\/14072","targetHints":{"allow":["GET"]}}],"collection":[{"href":"https:\/\/www.elitesistem.com\/index.php\/wp-json\/wp\/v2\/pages"}],"about":[{"href":"https:\/\/www.elitesistem.com\/index.php\/wp-json\/wp\/v2\/types\/page"}],"author":[{"embeddable":true,"href":"https:\/\/www.elitesistem.com\/index.php\/wp-json\/wp\/v2\/users\/1"}],"replies":[{"embeddable":true,"href":"https:\/\/www.elitesistem.com\/index.php\/wp-json\/wp\/v2\/comments?post=14072"}],"version-history":[{"count":1,"href":"https:\/\/www.elitesistem.com\/index.php\/wp-json\/wp\/v2\/pages\/14072\/revisions"}],"predecessor-version":[{"id":14910,"href":"https:\/\/www.elitesistem.com\/index.php\/wp-json\/wp\/v2\/pages\/14072\/revisions\/14910"}],"wp:attachment":[{"href":"https:\/\/www.elitesistem.com\/index.php\/wp-json\/wp\/v2\/media?parent=14072"}],"curies":[{"name":"wp","href":"https:\/\/api.w.org\/{rel}","templated":true}]}}