{"id":14051,"date":"2023-11-11T01:13:23","date_gmt":"2023-11-10T22:13:23","guid":{"rendered":"https:\/\/www.elitesistem.com\/?page_id=14051"},"modified":"2023-11-11T01:14:49","modified_gmt":"2023-11-10T22:14:49","slug":"seo-hizmeti","status":"publish","type":"page","link":"https:\/\/www.elitesistem.com\/index.php\/seo-hizmeti","title":{"rendered":"SEO Hizmeti"},"content":{"rendered":"<div id=\"cmsmasters_row_pde8xljii4\" class=\"cmsmasters_row cmsmasters_color_scheme_default cmsmasters_row_top_default cmsmasters_row_bot_default cmsmasters_row_boxed\">\n<div class=\"cmsmasters_row_outer_parent\">\n<div class=\"cmsmasters_row_outer\">\n<div class=\"cmsmasters_row_inner\">\n<div class=\"cmsmasters_row_margin\">\n<div id=\"cmsmasters_column_901f4646bb\" class=\"cmsmasters_column one_first\">\n<div class=\"cmsmasters_column_inner\"><div class=\"cmsmasters_img  cmsmasters_image_l\"><img decoding=\"async\" src=\"https:\/\/www.elitesistem.com\/wp-content\/uploads\/2023\/11\/gebze-seo-hizmeti.jpg\" alt=\"Gebze SEO Hizmeti\" \/><\/div>\n<div id=\"cmsmasters_divider_f9g69dur9w\" class=\"cmsmasters_divider cmsmasters_divider_width_long cmsmasters_divider_pos_center\"><\/div>\n<div id=\"cmsmasters_heading_a3uempoum\" class=\"cmsmasters_heading_wrap cmsmasters_heading_align_left\">\n\t<h2 class=\"cmsmasters_heading cmsmasters-icon-thumbs-up-3\">SEO Hizmeti Dan\u0131\u015fmanl\u0131\u011f\u0131<\/h2>\n<\/div><div class=\"cmsmasters_text\">\n<p>Arama motoru optimizasyonu, bir internet sitesine veya bir web sayfas\u0131na arama motorlar\u0131ndan gelen web trafi\u011finin kalitesini ve say\u0131s\u0131n\u0131 art\u0131rma s\u00fcrecidir. SEO, do\u011frudan trafik veya \u00fccretli trafik yerine \u00fccretsiz trafik hedefler.<\/p>\n<p>Arama motoru optimizasyonu (SEO), bir internet sitesine veya bir web sayfas\u0131na arama motorlar\u0131ndan gelen web trafi\u011finin kalitesini ve say\u0131s\u0131n\u0131 art\u0131rma s\u00fcrecidir.<\/p>\n<p>SEO, do\u011frudan trafik veya \u00fccretli trafik yerine \u00fccretsiz trafik (genellikle &#8220;do\u011fal&#8221; veya &#8220;organik&#8221; sonu\u00e7lar olarak bilinir) hedefler. \u00dccretsiz trafik, resim aramalar\u0131, video aramalar\u0131, akademik aramalar, haber aramalar\u0131 ve sekt\u00f6re \u00f6zg\u00fc dikey arama motorlar\u0131 da dahil olmak \u00fczere farkl\u0131 t\u00fcrdeki aramalardan kaynaklanabilir.<\/p>\n<p>Dijital pazarlama stratejisi olarak, SEO, arama motorlar\u0131n\u0131n nas\u0131l \u00e7al\u0131\u015ft\u0131\u011f\u0131n\u0131, arama motoru davran\u0131\u015f\u0131n\u0131 belirleyen bilgisayarla programlanm\u0131\u015f algoritmalar\u0131, insanlar\u0131n ne arad\u0131\u011f\u0131n\u0131, ger\u00e7ek arama terimlerini veya anahtar kelimeleri arama motorlar\u0131na nas\u0131l yazd\u0131klar\u0131n\u0131 ve hedef kitlesi taraf\u0131ndan tercih edilen hangi arama motorlar\u0131n\u0131n oldu\u011funu dikkate al\u0131r. SEO, web siteleri arama motoru sonu\u00e7 sayfas\u0131nda (SERP) daha y\u00fcksek s\u0131ralarda yer ald\u0131\u011f\u0131nda, web sitesinin bir arama motorundan daha fazla ziyaret\u00e7i almas\u0131n\u0131 sa\u011flamak i\u00e7in yap\u0131l\u0131r. Bu ziyaret\u00e7iler potansiyel olarak m\u00fc\u015fterilere d\u00f6n\u00fc\u015ft\u00fcr\u00fclebilir.<\/p>\n<p>&nbsp;<\/p>\n<h2 class=\"side-content-title\">SEO Dan\u0131\u015fmanl\u0131\u011f\u0131<\/h2>\n<div class=\"side-content-text\">\n<p>UPGO SEO dan\u0131\u015fmanl\u0131\u011f\u0131 hizmeti, i\u015fletmelerin web sitelerinin arama motoru optimizasyonu konusunda uzman bir dan\u0131\u015fmandan destek almas\u0131n\u0131 sa\u011flayan bir hizmettir.SEO dan\u0131\u015fmanl\u0131\u011f\u0131 hizmeti veren uzmanlar\u0131m\u0131z, i\u015fletmenin hedeflerine ve hedef kitlesine uygun bir SEO stratejisi olu\u015fturarak, web sitenin organik arama sonu\u00e7lar\u0131nda daha \u00fcst s\u0131ralarda yer almas\u0131n\u0131 sa\u011flamak i\u00e7in gerekli ad\u0131mlar\u0131 atarlar. Dan\u0131\u015fmanlar\u0131m\u0131z, anahtar kelime ara\u015ft\u0131rmas\u0131, i\u00e7erik optimizasyonu, backlink olu\u015fturma, teknik SEO, mobil uyumluluk, h\u0131zl\u0131 y\u00fckleme s\u00fcreleri gibi konularda uzmanla\u015fm\u0131\u015flard\u0131r ve i\u015fletmenin web sitesinin bu konularda eksiklikleri oldu\u011fu durumlarda, gerekli d\u00fczenlemeleri yaparak daha iyi sonu\u00e7lar elde etmesini sa\u011flarlar.<\/p>\n<p>&nbsp;<\/p>\n<p>SEO dan\u0131\u015fmanl\u0131\u011f\u0131 hizmeti, i\u015fletmelerin online varl\u0131klar\u0131n\u0131 g\u00fc\u00e7lendirmesine, marka bilinirli\u011fini artt\u0131rmas\u0131na ve potansiyel m\u00fc\u015fterilerine ula\u015fmas\u0131na yard\u0131mc\u0131 olur. Ayr\u0131ca, i\u015fletmelerin SEO uzmanlar\u0131ndan ald\u0131\u011f\u0131 dan\u0131\u015fmanl\u0131k hizmeti, i\u015fletmenin kendi SEO \u00e7al\u0131\u015fmalar\u0131n\u0131 geli\u015ftirmesine de yard\u0131mc\u0131 olur.<\/p>\n<\/div>\n<\/div>\n<div id=\"cmsmasters_divider_9ce36ybm3\" class=\"cmsmasters_divider cmsmasters_divider_width_long cmsmasters_divider_pos_center\"><\/div>\n<\/div><\/div>\n<\/div>\n<\/div>\n<\/div>\n<\/div>\n<\/div>\n<div id=\"cmsmasters_row_0nq7hyoefr\" class=\"cmsmasters_row cmsmasters_color_scheme_default cmsmasters_row_top_default cmsmasters_row_bot_default cmsmasters_row_boxed\">\n<div class=\"cmsmasters_row_outer_parent\">\n<div class=\"cmsmasters_row_outer\">\n<div class=\"cmsmasters_row_inner\">\n<div class=\"cmsmasters_row_margin\">\n<div id=\"cmsmasters_column_4a2d892c3a\" class=\"cmsmasters_column one_first\">\n<div class=\"cmsmasters_column_inner\"><div id=\"cmsmasters_heading_buv8ky0e3v\" class=\"cmsmasters_heading_wrap cmsmasters_heading_align_left\">\n\t<h2 class=\"cmsmasters_heading cmsmasters-icon-rocket-2\">Yaz\u0131l\u0131m Geli\u015ftirme S\u00fcrecimiz:<\/h2>\n<\/div><div class=\"cmsmasters_toggles toggles_mode_toggle\">\n<div class=\"cmsmasters_toggle_wrap\" data-tags=\"all \">\n<div class=\"cmsmasters_toggle_title\">\n<span class=\"cmsmasters_toggle_plus\">\n<span class=\"cmsmasters_toggle_plus_hor\"><\/span>\n<span class=\"cmsmasters_toggle_plus_vert\"><\/span>\n<\/span>\n<a href=\"#\">Analiz ve Projelendirme:<\/a>\n<\/div>\n<div class=\"cmsmasters_toggle\">\n<div class=\"cmsmasters_toggle_inner\">\n<p>\u00d6zel istek ve hedefler dinlenilerek, i\u015fin, sekt\u00f6r\u00fcn varsa aksayan sistemin analizi yap\u0131larak konu ile ilgili dok\u00fcman\u0131n olu\u015fturulmas\u0131 ve yap\u0131lacak \u00e7al\u0131\u015fman\u0131n t\u00fcm detaylar\u0131 ile projelendirilmesinin ve i\u015f plan\u0131n\u0131n olu\u015fturulmas\u0131 s\u00fcrecidir.<\/p>\n<\/div>\n<\/div>\n<\/div><div class=\"cmsmasters_toggle_wrap\" data-tags=\"all \">\n<div class=\"cmsmasters_toggle_title\">\n<span class=\"cmsmasters_toggle_plus\">\n<span class=\"cmsmasters_toggle_plus_hor\"><\/span>\n<span class=\"cmsmasters_toggle_plus_vert\"><\/span>\n<\/span>\n<a href=\"#\">Geli\u015ftirme ve Kodlama:<\/a>\n<\/div>\n<div class=\"cmsmasters_toggle\">\n<div class=\"cmsmasters_toggle_inner\">\n<p>Analiz ve projelendirme s\u00fcrecinde t\u00fcm detaylar\u0131 belirlenmi\u015f olan \u00e7al\u0131\u015fman\u0131n database ve kodlama yap\u0131s\u0131 i\u00e7in mimari tasar\u0131m yap\u0131larak en uygun ve esnek yap\u0131 olu\u015fturulur. Kullan\u0131c\u0131 ve y\u00f6netici ara y\u00fcz tasar\u0131mlar\u0131 haz\u0131rlan\u0131r.<\/p>\n<\/div>\n<\/div>\n<\/div><div class=\"cmsmasters_toggle_wrap\" data-tags=\"all \">\n<div class=\"cmsmasters_toggle_title\">\n<span class=\"cmsmasters_toggle_plus\">\n<span class=\"cmsmasters_toggle_plus_hor\"><\/span>\n<span class=\"cmsmasters_toggle_plus_vert\"><\/span>\n<\/span>\n<a href=\"#\">Test \/ S\u0131nama:<\/a>\n<\/div>\n<div class=\"cmsmasters_toggle\">\n<div class=\"cmsmasters_toggle_inner\">\n<p>Proje i\u00e7in haz\u0131rlanan kodlarla proje detaylar\u0131n\u0131n kar\u015f\u0131la\u015ft\u0131r\u0131ld\u0131\u011f\u0131, kullan\u0131c\u0131 ve y\u00f6netici testleri ger\u00e7ekle\u015ftirilerek edinilen t\u00fcm verilerin raporland\u0131\u011f\u0131 s\u00fcre\u00e7tir. Test verileri sonucunda i\u015fin durumu g\u00f6zden ge\u00e7irilir ve en m\u00fckemmel sonu\u00e7 elde edilinceye kadar test s\u00fcreci devam edilir.<\/p>\n<\/div>\n<\/div>\n<\/div><div class=\"cmsmasters_toggle_wrap\" data-tags=\"all \">\n<div class=\"cmsmasters_toggle_title\">\n<span class=\"cmsmasters_toggle_plus\">\n<span class=\"cmsmasters_toggle_plus_hor\"><\/span>\n<span class=\"cmsmasters_toggle_plus_vert\"><\/span>\n<\/span>\n<a href=\"#\">Uyarlama:<\/a>\n<\/div>\n<div class=\"cmsmasters_toggle\">\n<div class=\"cmsmasters_toggle_inner\">\n<p>T\u00fcm testlerden olumlu sonu\u00e7 alan uygulama en son g\u00fcvenlik testleri ve g\u00fcvenlik uygulamas\u0131 entegrasyonu ile uygulamaya haz\u0131r hale getirilir. Sistem kullan\u0131m e\u011fitimi verilir. Haz\u0131r olan \u00e7al\u0131\u015fma kurulum yap\u0131lmak \u00fczere m\u00fc\u015fteriye teslim edilir.<\/p>\n<\/div>\n<\/div>\n<\/div><div class=\"cmsmasters_toggle_wrap\" data-tags=\"all \">\n<div class=\"cmsmasters_toggle_title\">\n<span class=\"cmsmasters_toggle_plus\">\n<span class=\"cmsmasters_toggle_plus_hor\"><\/span>\n<span class=\"cmsmasters_toggle_plus_vert\"><\/span>\n<\/span>\n<a href=\"#\">\u0130\u015fletim (Bak\u0131m \/ Destek):<\/a>\n<\/div>\n<div class=\"cmsmasters_toggle\">\n<div class=\"cmsmasters_toggle_inner\">\n<p>Yaz\u0131l\u0131m bak\u0131m ve deste\u011fi sunulur. D\u0131\u015f destek kayna\u011f\u0131 ve i\u00e7erik y\u00f6netimi hizmetleri sa\u011flan\u0131r.<\/p>\n<\/div>\n<\/div>\n<\/div><\/div>\n<\/div><\/div>\n<\/div>\n<\/div>\n<\/div>\n<\/div>\n<\/div>\n<div id=\"cmsmasters_row_tmvhcp7\" class=\"cmsmasters_row cmsmasters_color_scheme_default cmsmasters_row_top_default cmsmasters_row_bot_default cmsmasters_row_boxed\">\n<div class=\"cmsmasters_row_outer_parent\">\n<div class=\"cmsmasters_row_outer\">\n<div class=\"cmsmasters_row_inner\">\n<div class=\"cmsmasters_row_margin\">\n<div id=\"cmsmasters_column_f2f5163d2d\" class=\"cmsmasters_column one_first\">\n<div class=\"cmsmasters_column_inner\">\n<div id=\"cmsmasters_divider_klswfnj4xj\" class=\"cmsmasters_divider cmsmasters_divider_width_long cmsmasters_divider_pos_center\"><\/div>\n<div id=\"cmsmasters_heading_6jt91bl5v\" class=\"cmsmasters_heading_wrap cmsmasters_heading_align_left\">\n\t<h2 class=\"cmsmasters_heading\">Talep Formu<\/h2>\n<\/div><div id=\"cmsmasters_heading_3xviiyys7\" class=\"cmsmasters_heading_wrap cmsmasters_heading_align_left\">\n\t<h2 class=\"cmsmasters_heading\">A\u015fa\u011f\u0131daki Formu Doldurarak Talepte Bulunabilirsiniz.<\/h2>\n<\/div>\n<div class=\"cmsmasters_contact_form\" data-animation=\"fadeIn\" data-delay=\"0\">\n<div class=\"wpcf7 no-js\" id=\"wpcf7-f13068-o1\" lang=\"en-US\" dir=\"ltr\" data-wpcf7-id=\"13068\">\n<div class=\"screen-reader-response\"><p role=\"status\" aria-live=\"polite\" aria-atomic=\"true\"><\/p> <ul><\/ul><\/div>\n<form action=\"\/index.php\/wp-json\/wp\/v2\/pages\/14051#wpcf7-f13068-o1\" method=\"post\" class=\"wpcf7-form init\" aria-label=\"Contact form\" novalidate=\"novalidate\" data-status=\"init\">\n<fieldset class=\"hidden-fields-container\"><input type=\"hidden\" name=\"_wpcf7\" value=\"13068\" \/><input type=\"hidden\" name=\"_wpcf7_version\" value=\"6.1.5\" \/><input type=\"hidden\" name=\"_wpcf7_locale\" value=\"en_US\" \/><input type=\"hidden\" name=\"_wpcf7_unit_tag\" value=\"wpcf7-f13068-o1\" \/><input type=\"hidden\" name=\"_wpcf7_container_post\" value=\"0\" \/><input type=\"hidden\" name=\"_wpcf7_posted_data_hash\" value=\"\" \/><input type=\"hidden\" name=\"_wpcf7_recaptcha_response\" value=\"\" \/>\n<\/fieldset>\n<div class=\"cmsmasters_row_margin cmsmasters_1212\">\n\t<div class=\"cmsmasters_column one_half\">\n\t\t<p><br \/>\n<span class=\"wpcf7-form-control-wrap\" data-name=\"menu-372\"><select class=\"wpcf7-form-control wpcf7-select\" aria-invalid=\"false\" name=\"menu-372\"><option value=\"Hizmet Se\u00e7imi\">Hizmet Se\u00e7imi<\/option><option value=\"T\u0131r Kantar\u0131\">T\u0131r Kantar\u0131<\/option><option value=\"T\u0131r Kantar\u0131 Servis\">T\u0131r Kantar\u0131 Servis<\/option><option value=\"\u00d6zel Yaz\u0131l\u0131m Geli\u015ftirme\">\u00d6zel Yaz\u0131l\u0131m Geli\u015ftirme<\/option><option value=\"DBA Kantar Program\u0131\">DBA Kantar Program\u0131<\/option><option value=\"\u00c7evre Bakanl\u0131\u011f\u0131 Kantar Program\u0131\">\u00c7evre Bakanl\u0131\u011f\u0131 Kantar Program\u0131<\/option><option value=\"Standart Kantar Program\u0131\">Standart Kantar Program\u0131<\/option><option value=\"Online Kantar Program\u0131\">Online Kantar Program\u0131<\/option><option value=\"Luca Entegre Kantar Program\u0131\">Luca Entegre Kantar Program\u0131<\/option><option value=\"U-ETDS Sistemi\">U-ETDS Sistemi<\/option><option value=\"Di\u011fer Yaz\u0131l\u0131mlar\">Di\u011fer Yaz\u0131l\u0131mlar<\/option><option value=\"Ak\u0131ll\u0131 Devriye Tur Kontrol\">Ak\u0131ll\u0131 Devriye Tur Kontrol<\/option><\/select><\/span>\n\t\t<\/p>\n\t\t<p><br \/>\n<span class=\"wpcf7-form-control-wrap\" data-name=\"your-name\"><input size=\"40\" maxlength=\"400\" class=\"wpcf7-form-control wpcf7-text\" aria-invalid=\"false\" placeholder=\"Ad\u0131n\u0131z\" value=\"\" type=\"text\" name=\"your-name\" \/><\/span>\n\t\t<\/p>\n\t\t<p><br \/>\n<span class=\"wpcf7-form-control-wrap\" data-name=\"your-email\"><input size=\"40\" maxlength=\"400\" class=\"wpcf7-form-control wpcf7-text\" aria-invalid=\"false\" placeholder=\"E-mail\" value=\"\" type=\"text\" name=\"your-email\" \/><\/span>\n\t\t<\/p>\n\t<\/div>\n\t<div class=\"cmsmasters_column one_half\">\n\t\t<p><br \/>\n<span class=\"wpcf7-form-control-wrap\" data-name=\"menu-376\"><select class=\"wpcf7-form-control wpcf7-select\" aria-invalid=\"false\" name=\"menu-376\"><option value=\"Konu\">Konu<\/option><option value=\"Fiyat Teklifi\">Fiyat Teklifi<\/option><option value=\"Destek\">Destek<\/option><option value=\"Lisans Yenileme\">Lisans Yenileme<\/option><option value=\"Yeni Kurulum\">Yeni Kurulum<\/option><option value=\"\u00d6neri\">\u00d6neri<\/option><\/select><\/span>\n\t\t<\/p>\n\t\t<p><br \/>\n<span class=\"wpcf7-form-control-wrap\" data-name=\"phone\"><input size=\"40\" maxlength=\"400\" class=\"wpcf7-form-control wpcf7-tel wpcf7-text wpcf7-validates-as-tel\" aria-invalid=\"false\" placeholder=\"Telefon\" value=\"\" type=\"tel\" name=\"phone\" \/><\/span>\n\t\t<\/p>\n\t<\/div>\n<\/div>\n<div class=\"cmsmasters_row_margin cmsmasters_11\">\n\t<div class=\"cmsmasters_column one_first\">\n\t\t<p><br \/>\n<span class=\"wpcf7-form-control-wrap\" data-name=\"your-message\"><textarea cols=\"40\" rows=\"10\" maxlength=\"2000\" class=\"wpcf7-form-control wpcf7-textarea\" aria-invalid=\"false\" placeholder=\"Mesaj\u0131n\u0131z *\" name=\"your-message\"><\/textarea><\/span>\n\t\t<\/p>\n\t<\/div>\n\t<div class=\"cmsmasters_column one_first\">\n\t\t<p><br \/>\n\t\t<span class=\"wpcf7-form-control-wrap recaptcha\" data-name=\"recaptcha\"><span data-sitekey=\"6LcDzgwpAAAAABp9uM2Y5ZmLwl0EfSEuV5Bz23XP\" class=\"wpcf7-form-control wpcf7-recaptcha g-recaptcha\"><\/span>\r\n<noscript>\r\n\t<div class=\"grecaptcha-noscript\">\r\n\t\t<iframe loading=\"lazy\" src=\"https:\/\/www.google.com\/recaptcha\/api\/fallback?k=6LcDzgwpAAAAABp9uM2Y5ZmLwl0EfSEuV5Bz23XP\" frameborder=\"0\" scrolling=\"no\" width=\"310\" height=\"430\">\r\n\t\t<\/iframe>\r\n\t\t<textarea name=\"g-recaptcha-response\" rows=\"3\" cols=\"40\" placeholder=\"reCaptcha Response Here\">\r\n\t\t<\/textarea>\r\n\t<\/div>\r\n<\/noscript>\r\n<\/span>\n\t\t<\/p>\n\t\t<p><input class=\"wpcf7-form-control wpcf7-submit has-spinner\" type=\"submit\" value=\"Formu G\u00f6nder\" \/>\n\t\t<\/p>\n\t<\/div>\n<\/div><div class=\"wpcf7-response-output\" aria-hidden=\"true\"><\/div>\n<\/form>\n<\/div>\n<\/div>\n<\/div><\/div>\n<\/div>\n<\/div>\n<\/div>\n<\/div>\n<\/div>\n\n","protected":false},"excerpt":{"rendered":"","protected":false},"author":1,"featured_media":0,"parent":0,"menu_order":0,"comment_status":"closed","ping_status":"closed","template":"","meta":{"footnotes":""},"class_list":["post-14051","page","type-page","status-publish","hentry"],"_links":{"self":[{"href":"https:\/\/www.elitesistem.com\/index.php\/wp-json\/wp\/v2\/pages\/14051","targetHints":{"allow":["GET"]}}],"collection":[{"href":"https:\/\/www.elitesistem.com\/index.php\/wp-json\/wp\/v2\/pages"}],"about":[{"href":"https:\/\/www.elitesistem.com\/index.php\/wp-json\/wp\/v2\/types\/page"}],"author":[{"embeddable":true,"href":"https:\/\/www.elitesistem.com\/index.php\/wp-json\/wp\/v2\/users\/1"}],"replies":[{"embeddable":true,"href":"https:\/\/www.elitesistem.com\/index.php\/wp-json\/wp\/v2\/comments?post=14051"}],"version-history":[{"count":0,"href":"https:\/\/www.elitesistem.com\/index.php\/wp-json\/wp\/v2\/pages\/14051\/revisions"}],"wp:attachment":[{"href":"https:\/\/www.elitesistem.com\/index.php\/wp-json\/wp\/v2\/media?parent=14051"}],"curies":[{"name":"wp","href":"https:\/\/api.w.org\/{rel}","templated":true}]}}